 prime?
False
Is 45431 a prime number?
False
Is 1518773 a prime number?
True
Is 4575173 a composite number?
False
Is 17553553 composite?
False
Is 135666269 a composite number?
False
Is 38596793 prime?
False
Is 116226511 prime?
True
Is 1428270989 a composite number?
True
Is 265283 composite?
True
Is 3018437 prime?
True
Is 58933279 prime?
False
Is 2063249 a prime number?
True
Is 69914159 a composite number?
True
Is 99120031 prime?
False
Is 122267929 a prime number?
False
Is 16172693 composite?
False
Is 2689151 a composite number?
False
Is 2690321 prime?
True
Is 53280527 a composite number?
False
Is 799511 a composite number?
True
Is 280073947 composite?
False
Is 66535591 a composite number?
True
Is 2213089 a prime number?
False
Is 187161277 a composite number?
False
Is 40712603 composite?
True
Is 5083957 a prime number?
True
Is 18454861 prime?
True
Is 15860551 a composite number?
True
Is 110749 prime?
True
Is 9766009 composite?
True
Is 344587 prime?
True
Is 62781767 prime?
True
Is 1522399 composite?
False
Is 9402577 composite?
False
Is 364867 prime?
False
Is 157018351 composite?
True
Is 2934839 a composite number?
False
Is 61309687 prime?
True
Is 10818403 a prime number?
True
Is 6237503 prime?
True
Is 1397477 a composite number?
False
Is 28634377 a composite number?
True
Is 15392947 a composite number?
False
Is 643045327 a prime number?
False
Is 7341001 a prime number?
True
Is 15010113 a composite number?
True
Is 37219999 composite?
True
Is 11004082 a composite number?
True
Is 173558711 a composite number?
True
Is 1190099 a prime number?
False
Is 162692401 composite?
True
Is 14181127 prime?
True
Is 3988213 a prime number?
True
Is 281959 a composite number?
False
Is 727623517 a composite number?
True
Is 776479 a prime number?
False
Is 12109697 prime?
True
Is 11348563 a composite number?
True
Is 1464840991 composite?
False
Is 1493537 a composite number?
False
Is 2011111 prime?
True
Is 6739363 prime?
True
Is 148594139 a prime number?
False
Is 45549271 composite?
True
Is 12617207 prime?
False
Is 177380971 a prime number?
False
Is 292753 composite?
False
Is 55818883 a prime number?
True
Is 11942107 a composite number?
True
Is 108892997 a prime number?
True
Is 1171591 composite?
False
Is 2596969 a composite number?
False
Is 173666921 composite?
True
Is 339663419 composite?
True
Is 25905723 prime?
False
Is 1782383 a prime number?
False
Is 47686549 composite?
True
Is 14123689 a prime number?
True
Is 43089737 prime?
False
Is 19550969 composite?
True
Is 4630147 prime?
False
Is 253375537 a prime number?
False
Is 10518839 prime?
False
Is 4572857 prime?
False
Is 5746973 a composite number?
False
Is 1561663 prime?
False
Is 310905305 prime?
False
Is 46983934 composite?
True
Is 3972791 a prime number?
True
Is 358936079 a composite number?
True
Is 5479423 a composite number?
True
Is 38780867 prime?
False
Is 752509799 a prime number?
True
Is 2953289 composite?
True
Is 124369457 prime?
True
Is 938713 a prime number?
True
Is 17473219 composite?
False
Is 69527063 composite?
True
Is 16720097 prime?
True
Is 3409459 prime?
True
Is 37789811 a composite number?
True
Is 6045329 a composite number?
False
Is 2185051 a prime number?
False
Is 9159793 composite?
True
Is 8269585 prime?
False
Is 154709 composite?
True
Is 20193247 a prime number?
True
Is 47003899 a prime number?
True
Is 75321319 a composite number?
False
Is 288907 prime?
True
Is 464402063 prime?
True
Is 8170297 a prime number?
True
Is 111338263 a composite number?
False
Is 93798743 prime?
True
Is 2227091 composite?
True
Is 13406003 a composite number?
True
Is 74161037 a prime number?
True
Is 2703151 a prime number?
False
Is 2015599 a prime number?
True
Is 711310091 a prime number?
True
Is 205783 a prime number?
True
Is 19991489 composite?
True
Is 49402373 a prime number?
True
Is 32961151 a composite number?
True
Is 228496839 prime?
False
Is 620435069 a composite number?
False
Is 3429653 prime?
True
Is 30650951 a composite number?
True
Is 10544285 prime?
False
Is 48008239 a prime number?
True
Is 61007977 a prime number?
True
Is 19693483 a prime number?
False
Is 16088759 a composite number?
False
Is 12083207 prime?
True
Is 1918391 a composite number?
False
Is 100377871 a composite number?
True
Is 48223663 a prime number?
False
Is 22084639 composite?
False
Is 347807399 a composite number?
False
Is 11612047 a prime number?
True
Is 19967239 a composite number?
True
Is 9230509 a prime number?
False
Is 35456401 a prime number?
True
Is 5158157 a composite number?
True
Is 199961 prime?
True
Is 137587202 composite?
True
Is 36731347 a composite number?
False
Is 19147631 composite?
False
Is 3748651 a composite number?
False
Is 80641 composite?
True
Is 6199871 composite?
True
Is 218897171 a composite number?
False
Is 658871 a prime number?
True
Is 789049 a prime number?
False
Is 36207203 a prime number?
True
Is 817724521 a prime number?
True
Is 30207479 a prime number?
True
Is 332869 a composite number?
True
Is 22405 a prime number?
False
Is 59719441 prime?
True
Is 19189877 a composite number?
True
Is 173423193 a composite number?
True
Is 55632949 a composite number?
True
Is 46871087 prime?
True
Is 585411 a composite number?
True
Is 14210141 prime?
False
Is 351529 a prime number?
True
Is 154674083 prime?
True
Is 1807439 composite?
False
Is 1481119 prime?
False
Is 4697755 a composite number?
True
Is 25453061 a composite number?
False
Is 1115209 a composite number?
True
Is 2006231 a composite number?
False
Is 462542437 composite?
True
Is 286214051 a prime number?
True
Is 5317271 prime?
True
Is 1047123587 prime?
True
Is 128185957 a composite number?
True
Is 3274001 prime?
True
Is 73348997 a composite number?
True
Is 26821903 composite?
True
Is 4364303 prime?
True
Is 249421105 composite?
True
Is 1959001 composite?
True
Is 2840323 a prime number?
False
Is 139979431 a composite number?
False
Is 46833373 composite?
True
Is 24893873 composite?
False
Is 848105561 composite?
False
Is 769661 prime?
True
Is 65930699 a prime number?
False
Is 58164467 prime?
True
Is 673193 a prime number?
True
Is 20679223 prime?
True
Is 1920209 composite?
True
Is 80131197 composite?
True
Is 5675627 a prime number?
False
Is 3494789 composite?
False
Is 134255707 prime?
True
Is 18465313 composite?
True
Is 121604599 a prime number?
False
Is 52828203 a prime number?
False
Is 67861427 composite?
True
Is 183273 a composite number?
True
Is 114421799 a prime number?
True
Is 85575079 composite?
True
Is 64419929 composite?
True
Is 94995181 a prime number?
True
Is 15155969 composite?
False
Is 10584617 prime?
True
Is 2350006 a prime number?
False
Is 22373059 prime?
False
Is 42388559 composite?
False
Is 50698897 a composite number?
True
Is 3835147 prime?
False
Is 18789523 prime?
False
Is 1601843 prime?
True
Is 3216241 a prime number?
False
Is 27328729 prime?
True
Is 211434799 a prime number?
True
Is 537547 prime?
True
Is 192683 prime?
False
Is 8719391 a composite number?
False
Is 1078978685 composite?
True
Is 8812343 composite?
True
Is 198984997 prime?
False
Is 28340677 a composite number?
False
Is 238852829 prime?
False
Is 494129 a prime number?
True
Is 27578807 a prime number?
True
Is 469397 a composite number?
False
Is 9414857 a composite number?
False
Is 130413919 composite?
True
Is 43506197 composite?
True
Is 2653033 a prime number?
True
Is 6347771 composite?
False
Is 548335951 a composite number?
False
Is 1212841 a prime number?
False
Is 13248727 a composite number?
False
Is 12862453 a composite number?
False
Is 1525306 a composite number?
True
Is 8405003 prime?
True
Is 23975521 prime?
True
Is 29616061 a composite number?
False
Is 34737299 composite?
False
Is 852600079 prime?
True
Is 830647 a prime number?
False
Is 1585469 a composite number?
False
Is 221784223 a composite number?
False
Is 1046369 a composite number?
False
Is 43975337 a composite number?
True
Is 126696797 prime?
True
Is 108931 prime?
False
Is 25305881 a prime number?
False
Is 991187 a prime number?
True
Is 13335541 a composite number?
False
Is 14280297 a composite number?
True
Is 1821353 prime?
True
Is 715471 composite?
True
Is 42929041 prime?
True
Is 463256051 a composite number?
False
Is 4382215 a composite number?
True
Is 7199323 a prime number?
True
Is 14847161 composite?
True
Is 16315643